?
2, 7
Suppose -l - 2*p = 4, 0 = 2*l + 3*l + 2*p - 4. Suppose -u - 4*u = -v - 10, 3*u + v + l = 0. Let i = 7 - u. What are the prime factors of i?
2, 3
Let h = 71 - 47. List the prime factors of h.
2, 3
Let r = 68 - -193. List the prime factors of r.
3, 29
Let x(o) = -6*o**2 + 3*o + 4. Let i be x(3). Let v = -24 - i. What are the prime factors of v?
17
Let x(h) = h**3 + 9*h**2 - 11*h + 1. Let a be x(-10). Let k(n) = -n**3 + 11*n**2 + 13. What are the prime factors of k(a)?
13
List the prime factors of (-10 + 66/(-9))/(1/(-3)).
2, 13
Let i = 145 - 97. What are the prime factors of i?
2, 3
Let i(t) = -t + 2. Let h = -5 + 5. Let b be (-10)/(h + (1 - 0)). List the prime factors of i(b).
2, 3
Suppose -y + 0*y = -2. Let s = y + 0. What are the prime factors of s?
2
Let d = 4 + 1. Let x(z) = z**3 - 5*z**2 + 4*z. List the prime factors of x(d).
2, 5
Let p be (-4 - -2) + 3 - 8. Let i(u) = 0 + 0 + 6*u**2 + u**3 - 4*u - 5*u. List the prime factors of i(p).
2, 7
Suppose 12*q = 8*q + 12. Let d(r) = r**3 - 7*r**2 + 6*r. Let k be d(6). Suppose k = -q*g + 19 + 14. List the prime factors of g.
11
Let q(g) = -g**3 + 10*g**2 - 15. List the prime factors of q(9).
2, 3, 11
Let l(i) = 5*i - 5*i - i**2 + 12 - 9*i. List the prime factors of l(-9).
2, 3
Suppose 5*p - m - 688 = -3*m, -m + 137 = p. What are the prime factors of p?
2, 3, 23
Let k = -7 + 19. Let t be 9/4 - 3/k. Suppose 0 = t*s + 3*s + p - 60, 0 = 5*s - 3*p - 40. What are the prime factors of s?
11
Let l = -156 + 231. What are the prime factors of l?
3, 5
Suppose -2*d - 10 = 5*r + 7, 20 = -4*d + 4*r. List the prime factors of ((-39)/9)/(2/d).
13
What are the prime factors of (-136)/(-3)*(-30)/(-20)?
2, 17
Let u(d) = -5*d**3 + d**2 + 2*d + 1. What are the prime factors of u(-1)?
5
Let g(d) = -276*d - 3. List the prime factors of g(-1).
3, 7, 13
Suppose -i = -2*l - 34 - 1, -3*l = 4*i - 151. What are the prime factors of i?
37
Let p = 25 - -1. List the prime factors of p.
2, 13
List the prime factors of -1 + (-215)/(-3) + (-4)/6.
2, 5, 7
Let w(a) be the third derivative of 1/12*a**4 + 2*a**2 + 0*a + 0*a**3 + 0. List the prime factors of w(6).
2, 3
Suppose -3*c = 3*p - 876, 0 = 2*c + 3*p + 2*p - 569. What are the prime factors of c?
3, 11
Let a(p) = -p + 22. Let b(u) = -1. Let f(k) = 2. Let l(q) = 13*b(q) + 6*f(q). Let y(j) = a(j) + 4*l(j). List the prime factors of y(8).
2, 5
Suppose -w - 270 = -3*i - 31, -20 = 4*w. Suppose -2*n = -4*f - i, f + 204 = 4*n + 5*f. List the prime factors of n.
47
Let b(h) = h + 3. Let z be b(0). Suppose 0 = -0*t + z*t - 30. What are the prime factors of t?
2, 5
Let u be 13/(0 - (2 + -1)). Let j = u - -26. List the prime factors of j.
13
Let u = 13 + -133. Let p be u/(-21) - (-4)/14. Suppose p*h - 70 = h. What are the prime factors of h?
2, 7
Let d(p) = p + 34. Let o be d(0). List the prime factors of o/(-6)*-3 + -2.
3, 5
Let m(p) = -2*p + 1. Let r be m(-2). Suppose -3*w = -r*w + 4. Suppose -b - w*g + 15 = -0*g, -3*g = -3*b + 36. What are the prime factors of b?
13
Let l = -9 + 3. Suppose -16 = -2*g - 5*s + 8, -3*g + 36 = -2*s. List the prime factors of 9/l*(-88)/g.
11
Let p = 271 + -133. What are the prime factors of p?
2, 3, 23
Suppose -2*g - g + 54 = 0. What are the prime factors of g?
2, 3
Let w = 9 + -3. Suppose u - j = 15 - w, -2*u = j - 18. List the prime factors of u.
3
Suppose 4*y - 103 = 3*y. Suppose -2*q = 3*x - y, -3*q + 171 = 5*x + 1. What are the prime factors of x?
31
Let k = -456 + 779. List the prime factors of k.
17, 19
Let q be 6/(-10) - (-636)/10. Let j = q - 40. What are the prime factors of j?
23
Let o(b) = -b**3 - 12*b**2 + 5*b + 7. Let z be o(-13). Suppose 0 = 3*h + k + 27 - z, 4*k - 66 = -2*h. List the prime factors of h.
3
Suppose -4 = -o - 5*m, -m - 5 = 3*o - 17. Suppose 3*r + o*g = r - 80, 5*g - 215 = 5*r. Let p = -21 - r. What are the prime factors of p?
3, 7
Let a = -7 - -19. Suppose 5*w + 65 = 5*c, -2*w - a = -6*w. What are the prime factors of c?
2
Let w(y) be the first derivative of 2*y**2 - y + 3. Let l be w(1). List the prime factors of (-8)/l*(-6)/4.
2
Suppose 7*d + 60 = 8*d. List the prime factors of d.
2, 3, 5
Suppose -2*g = -0*g - 6. Suppose 5*r - o = 8 + g, 0 = -3*r + 2*o + 8. Suppose r*h + 6 = 0, 3*c - 15 = -4*h - 3. What are the prime factors of c?
2
Suppose 6*l = 10*l - 236. List the prime factors of l.
59
Let f(z) = 6*z - 7. Let y be f(7). Let u(d) = -3*d + 3. Let k be u(-7). Let x = y - k. List the prime factors of x.
11
Suppose -5*n + 28 = 3*o + o, 14 = 2*o + 3*n. Let v(g) be the third derivative of g**4/12 - 5*g**3/3 + 4*g**2. List the prime factors of v(o).
2
What are the prime factors of (-2)/(((-6)/18)/(5 - -1))?
2, 3
Let n = 5 - 2. Let j = -37 + 42. Suppose 5*i + j = -n*f + 2*f, 0 = 2*f + 2*i - 14. List the prime factors of f.
2, 5
Let q(d) = 6*d + 2. List the prime factors of q(1).
2
Suppose -9 = 3*b, 2*b = m - 6*m + 4. Suppose -q = -2*a + 11, -a + m*q = 1 + 1. List the prime factors of a.
2
Suppose 0 = 5*d - 72 - 73. Suppose -q + 6 = -d. List the prime factors of q.
5, 7
Suppose -v + 1 = 5. List the prime factors of 1155/22 + 2/v.
2, 13
Suppose -251 - 64 = -5*b. List the prime factors of b.
3, 7
Let b = -10 + 15. Suppose -2*g - 9 = -b*g, -4*u = g - 23. Suppose 3 = f - u. List the prime factors of f.
2
Let a(d) = -d**2 - 6*d + 9. Let s be a(-8). Let z = 24 + s. List the prime factors of z.
17
Suppose 0 = 4*a - 12 - 4. Suppose -3*o + 13 = -2*o - 3*n, 2*o = -5*n + 15. Suppose o = 2*t + j, a + 4 = 4*t - 4*j. What are the prime factors of t?
2
Let y = 8 + -8. Suppose 4*j - 5*n - 81 = 0, 0 = 2*n - y*n + 2. What are the prime factors of j?
19
Suppose 4*m = -3*f + 343, 3*m - f - 77 = 2*m. List the prime factors of m.
2, 41
Suppose 3*g - 21 = -0*g. Suppose 2*w - g*w + 115 = 0. Suppose 0 = -k - 3*y + 5, k + 2*k + 5*y - w = 0. What are the prime factors of k?
11
Let l(c) = c**2 + 11*c + 9. Let z(u) = u + 1. Let v(j) = -l(j) + 4*z(j). Suppose 0 = 2*h + 2 + 8. What are the prime factors of v(h)?
5
Suppose -4*z - 8 = -0. Let l(u) = -3*u**3 + 3*u + 2. Let b be l(z). What are the prime factors of (-5)/b - 90/(-8)?
11
Suppose 4*h = -h. Suppose -4*z = h, 0 = 4*s + 2*z + z - 20. List the prime factors of s.
5
Suppose 5 = -3*s + 29. What are the prime factors of s?
2
Let c be (-3)/(-9) + 47/3. Suppose g - 10 = 4*y + 16, y = 5*g - c. What are the prime factors of 1 - y/(3 + -2)?
7
Suppose 312 = 5*h - 108. List the prime factors of h.
2, 3, 7
Let z(i) be the third derivative of -i**6/120 + i**4/24 + 2*i**3 + 5*i**2. List the prime factors of z(0).
2, 3
Let t be 2 - (3 - (6 + -3)). Suppose 4*c - t*p = 104, 6*c - 52 = 4*c - 2*p. List the prime factors of c.
2, 13
Let s(w) = 21*w + 3. Let u be s(-2). Let d = u + 67. What are the prime factors of d?
2, 7
Let o(h) = h**2 - h. Suppose -2*u - 4*s = 2*u - 4, -2*u - 22 = -4*s. Let a be o(u). List the prime factors of 3/a + (-27)/(-4).
7
Suppose 0 = -4*b + 3*b + 122. Suppose 5*o + 3*y - b = 0, 0 = -o - 0*o - 3*y + 34. What are the prime factors of o?
2, 11
What are the prime factors of -1 - (-25 + 4/4)?
23
Suppose -13*p - 66 = -15*p. List the prime factors of p.
3, 11
Let k(a) = -a**3 + 3*a**2 - 2*a + 2. Let y be k(3). Let b = 0 - y. Suppose -b - 20 = -2*m. List the prime factors of m.
2, 3
Let s(o) = -o**2 - 7*o - 4. Let p be s(-5). Suppose 208 = p*f - 2*f. Suppose 5*a - 33 - f = 0. List the prime factors of a.
17
Suppose -51*m - 1248 = -55*m. What are the prime factors of m?
2, 3, 13
Suppose -c = 3*c - 8. List the prime factors of c.
2
List the prime factors of ((2/3)/1)/(4/282).
47
Suppose 4 = 4*s + 8. Let j be 4*2 + 2/s. List the prime factors of 16/12*j/4.
2
Let c(h) = -h**3 + 5*h**2 + 4*h + 4. List the prime factors of c(5).
2, 3
Let r be 3/2 + (-2)/(-4). Suppose -6 = 3*k, -2*b - 4*k = -2*k - 8. Suppose 0 = -l + r + b. List the prime factors of l.
2
Suppose 0 = -m + 2*m - 5. What are the prime factors of m?
5
Let c(l) = l**2 + 6*l + 23. What are the prime factors of c(0)?
23
Let g = 269 + -151. List the prime factors of g.
2, 59
Let u be 1/3 + (-23)/(-3). Let q = -19 + 22. Let w = q + u. What are the prime factors of w?
11
Let v(l) = -l - 10. Let t be v(-7). Let o(r) = r**2 + 3. List the prime factors of o(t).
2, 3
Suppose 10 = -i - 1. Let h be (-102)/(-4)*(-14)/(-21). Let n = i + h. What are the pr